114 + -135.
-35
What is 371 - 358 - (6 + 0)?
7
Evaluate -57 - -48 - -30 - (-3 + 1 - 1).
24
What is 65 + -6 + -144 + 170?
85
What is the value of 6 + 3 + 0 + (95 - 69 - 27)?
8
Evaluate 13 - (-23 - (-41 - -20)) - (-4 + 1).
18
What is the value of 0 - 16 - (62 - -53 - 112)?
-19
What is (-180 - -140) + (4 - 8) + 2?
-42
Evaluate -3143 + 3265 + -67 + 1.
56
What is the value of 32 - 2 - (-1906 + 1920)?
16
Calculate 7 + (-41 - -102) - 108.
-40
Calculate -105 + 80 - (-65 - -8).
32
26 - (-71 + 30 - -30) - 16
21
Calculate 21 - (1 - ((-16 - 0) + 20 + -3)).
21
What is the value of 56 - (22 - (4 + 52) - -25)?
65
Evaluate (-798 - -784) + (0 - -4) + (14 - -76).
80
Calculate 49 + (27 - -2) - 20.
58
What is (-726 - -676) + (1 - 0 - 23)?
-72
Calculate 68 - 169 - (-1 - 56).
-44
What is (-3 + 7 - (-10 + 17 - 2)) + (-73 - -31)?
-43
What is the value of 0 - (-10 + (-29 - (-1 - (11 + -13 - 4))))?
44
Evaluate (-3 - ((-13 - -1) + -7 - -8)) + 30.
38
Calculate (-80 - (-90 - -33)) + -29.
-52
What is -90 - (45 + (10 - 90))?
-55
What is -96 - (14 - (12 + 12 + 22 + -23))?
-87
-9 - (-8 + 16 + 21) - 25
-63
Evaluate 39 + 0 - (-17 + (-10 - (-11 + -19 + 6))).
42
Evaluate (23 - -38) + (15 - 12) + -34.
30
(82 - (48 - -1) - (1 - 9)) + 4
45
Evaluate -2 + -20 + -2 + -3607 + 3617.
-14
(27 - -35) + -7 + -7 + -6 + (15 - 0)
57
What is -7 - 23 - (-24 + 35 + -60)?
19
Calculate 0 - 45 - (-14829 - -14685).
99
What is the value of -1 + -1 + 44 - (261 - -35 - 278)?
24
8 + (3 - (-2 + -1 - -10)) - (1645 + -1570)
-71
-48 - (61 + -76) - (-29 + -6)
2
443 + -440 + (6 - 1) - 24
-16
Evaluate (-1 - ((-9 - -20) + -13) - 27) + -6.
-32
53 + -52 - ((27 - -7) + (3 - -2))
-38
What is the value of 15 + (-144 + 58 - -59)?
-12
16 - (-5 - -14 - (-7 + 8))
8
Calculate 41 + -56 + 31 + 20 + 2 + -16.
22
What is the value of 24 - ((-1 - -11) + (3 - 28 - -25))?
14
What is the value of -24 + -157 + 196 + -1 + -55?
-41
What is the value of 0 + -21 + -9 + 13 + -3074 + 3125?
34
What is -25 - (1 + 25 - (-2 + 33))?
-20
What is the value of -152 - -24 - (-58 + (28 - 7))?
-91
Evaluate ((21 - 21) + 20 - 7) + (6 - 1).
18
What is the value of (20 - (1 + (7 - 1))) + (0 - 9) + 18?
22
What is -34 + (-33 + 31 - (-9 + (31 - 9)))?
-49
-36 - -48 - (0 + 13) - (1 + -2 - -49)
-49
Evaluate (-117 + 79 - 8) + 35 + (-1 - (-1 - -116)).
-127
What is -29 - (-33 - 1 - -58)?
-53
Calculate 3243 + -3258 - (-1 - -7).
-21
What is 512 + -510 - (0 + -16 + -1)?
19
What is -34 + (21 + 7 + -5 - (2 - -27 - 20))?
-20
69 - (-19 + (58 - 22))
52
What is -42 - (45 + (-21 - (-7 + 18)))?
-55
What is 58 + (3 + 1 - ((2 - 5) + 0 + 10))?
55
What is the value of 28 + -5 + (56 - 27 - 52)?
0
What is the value of (27 - 51 - -7) + 26 - (2 + -20)?
27
0 + -8 + (386 - 205 - 87)
86
What is (7 - (18 - 11) - -9 - 26) + -17?
-34
Calculate (-97 - (-47 + -103)) + 39.
92
Evaluate (25 - (8 + -8 + 43 + -30)) + -1 + -29.
-18
Evaluate (52 - 13) + -33 + 18 - 73.
-49
What is the value of -599 - -665 - (21 + 7)?
38
What is the value of -1 + -78 + (7 - -38)?
-34
Evaluate (23 - 9) + -26 + 29 + -33.
-16
What is the value of -33 - -126 - (-15 + 130)?
-22
Calculate -79 - (38 - 96) - (0 + -40).
19
-17 - (-6 + -13 + 13) - (1 - -1 - -1)
-14
-109 + 1 - (-608 + 570) - 29
-99
Calculate 60 + -43 + -22 - -53.
48
131 + 64 + -74 + -121
0
What is the value of -68 + -2 + 64 + 0 + 13?
7
-44 - (-181 - (3 + (4 - 20)))
124
Evaluate 7 + -15 + 44 + -44 - (102 - 2).
-108
What is (14 - (4 + -2 - 14 - 41)) + (14 - 6)?
75
Calculate -1 + 105 - (-267 - (23 + -308)).
86
(75 + -150 - -83) + -99
-91
What is 577 - 621 - (2 - -2)?
-48
What is (1 - -39) + -90 + 143 + (-97 - -19)?
15
Evaluate 6 - -5 - (32 + (-88 - -41)).
26
5 - (-1 + 50) - (-127 - -118)
-35
Evaluate 12 + (-31 - 28 - -104).
57
33 + 1 + (619 - 692)
-39
Evaluate (166 + -140 - 32) + 14 + 0.
8
What is the value of -8 + 1 + (4 - 1) + (-36 - -42 - -41)?
43
What is -7 - -9 - ((-44 - -60) + -33)?
19
What is the value of (-381 - -304) + (3 - (-3 + 3))?
-74
-3 - 51 - ((-20 - 15) + 46)
-65
Evaluate 3 + -1 - (8 - (-15 - (3 - (-11 + 9)))).
-26
Evaluate -45 + 2 - (-1 + 3) - (1 + -11 + 16).
-51
Evaluate -2 - (-29 - (37 - 43)).
21
What is (0 - -83) + (3 - -44 - (-405 + 469))?
66
Evaluate 51 + -23 - -26 - 71.
-17
What is the value of (-99 - -101) + -116 - -106?
-8
Calculate -37 + -2 - 0 - (-64 + (67 - 4)).
-38
Calculate 5 - (-31 - (-7 - 0)) - (-13 + 12).
30
Calculate 912 + -943 - ((-1 - -1) + 0).
-31
What is the value of (-15 - -9 - (-3 + (1 - 5) - 3)) + 27?
31
What is the value of (-1 - (-1 - (39 + 26))) + -26?
39
Calculate (-52 - -63) + -105 + 6 + -7 + (0 - -2).
-93
Evaluate -16 - (18 - 17 - 43).
26
What is the value of 0 - -2 - (-13 + -18 + 46 - -17)?
-30
What is -16 - (-20 + -3 + -64 + 42)?
29
(-46 - (18 + 6)) + 27
-43
Calculate 3 + -11 + (4 + -27 - (-42 + -50)).
61
What is -10 + (4 - (14 - (8 - 6))) + 6?
-12
Calculate -58 - (4 + -27) - (-10 - 89).
64
13 + (-9 - -26 - (12 + -20)) - 6
32
What is the value of -166 - (-323 + 169) - (-72 + 1)?
59
-142 + 62 + 72 + -8
-16
Calculate 3 + -9 + 6 + (-3 - -1) + -5.
-7
What is the value of 6 + (-69 - -58) + -76?
-81
What is the value of -43 + (2 + (2 - -13) - (-2315 - -2338))?
-49
What is the value of 4 - (-1 + 0) - 0 - (1422 + -1549)?
132
What is -1 + 75 + 4 + (-16 - (-8 + 12))?
58
Calculate 62 - -18 - (35 - 55).
100
What is the value of 1 + -38 + (3 - (1 + 29))?
-64
What is 1 + -15 + -20 + 50 - 117 - -11?
-90
(-15 - 16 - -9) + (8 - -3) - -29
18
3 + 67 + 23 + -35
58
What is the value of -2 + -9 - (-16 + (-54 - -44))?
15
Evaluate -97 + -75 + 12 + 99.
-61
Calculate 24 + 21 + -36 + -22 + 3.
-10
Evaluate 1893 + -1929 - (2 + -33).
-5
What is (43 - (162 - 109)) + 82 + 0?
72
80 + -173 + (2 + -7 - (26 - 44))
-80
-2833 - -2910 - (13 - (-3 + 4))
65
What is the value of -4 + -7 - ((64 - 32) + -12 - 34)?
3
-20160 - -20148 - (-88 - 1)
77
(3624 - 3604) + 27 + 3 + (0 - 0)
50
20 - (38 - (-14 + 25)) - -55
48
What is the value of 1899 - 1891 - (129 + 7)?
-128
-16 + (32 - (6 - (23 + -10))) - 131
-108
What is 26 - (11 + -72 + 21)?
66
Calculate -8 + 7 + (-2 + (-10 - -1) - (-1647 + 1625)).
10
Evaluate 34 - (42 - -18) - 16 - 11.
-53
What is the value of 4 + (-4 - -45) - (-1 - -16)?
30
Calculate -10 + 9 + 8 - (4 + -14 - -6).
11
Calculate 24772 + -24772 + (-1 + -13 - 2).
-16
-1 - -25 - (-37 + 34 + -3 + 4)
26
Calculate (7 - 3 - 6) + 2 - ((-23 - -69) + -53).
7
What is (1 - 0 - -17) + -59 + (21 - 46)?
-66
Calculate 2 + 0 + 4 + -151 - (-48 - (-31 + -8)).
-136
Calculate -24 + (-6 - 2) + 11 + -9 - (4 + -3).
-31
Calculate -1 + -60 - ((-75 - -27 - -50) + (10 - 3)).
-70
Calculate -4 + 4 - (-23 - (-5 + -32)).
-14
What is the value of -26 + -30 + 54 + (-3 - (0 + 1 - 8))?
2
What is (29 - ((-4 - (2 - 7)) + -4)) + (66 - 61)?
37
What is (0 - 14) + (-42 + (122 - 40) - -40)?
66
Evaluate 2 - 2 - (1 - 12 - (391 + -342)).
60
(-457 - -469) + (-13 - -1) - 8
-8
(77 - (116 - 71)) + 48
80
4 - 45 - (51 + -76)
-16
Calculate -77 + -101 - -111 - -44.
-23
What is the value of -3 + -23 + (5 + 29 - 15)?
-7
-23 + (32 - 28) - -42
23
Evaluate -6 - ((-41 - -50) + (-47 + 3 - (1 + -4))).
26
(10 - -7 - 7) + -6 + 10 + (-65 - 1)
-52
What is -2 + 28 + (-102 - -10) + 84?
18
What is the value of -27 + 0 - (-3852 + 3836 + (1 - -23))?
-35
-25 - (9 + -20 + -7 + 11 - 6)
-12
Evaluate -13 - 0 - (-18 + 3 - -16).
-14
103 + (46 + -184 - -98)
63
What is the value of 6 - -39 - (100 + -128)?
73
Calculate (61 + -119 - (11 - 1)) + -12 + 5 - -12.
-63
Evaluate 48 - 24 - 18 - (86 + -102).
22
-2522 + 2517 + (3 - 6 - 0) + -2 + 20
10
Evaluate 6 + -5 + 76 + -40.
37
-106 + -60 + 108 + -22
-80
What is (1 - 88) + 3592 + -3560?
-55
1 + (2 + -3 - -13) + 10 - 5
18
-1 + 1 - 35 - (-206 - -223)
-52
Calculate -40 - 3 - (16 + (0 - 36)).
-23
What is the value of (-320 - (270 + -556)) + (-1 + 1 + 13 - 0)?
-21
What is (-19 - -39) + 17 + -21 + -3 + (44 - -2)?
59
What is -16 + -3 + 0 + -3 + -16 + 53?
15
(3685 - 3660) + (-76 - -1)
-50
What is the value of (-1 - -26) + (-22 - (-54 + 23))?
34
What is the value of 56 + 5 - (8 + (-18 - -11) - (0 - 0))?
60
What is the value of 56 + (8 - (5 - -4)) + -7 + -1?
47
What is 165 + -74 + -35 + -61?
-5
What is (78 - (-87 + 177)) + (1 + -2 - -48)?
35
Evaluate (40 - (33 + -27 - (22 - 4))) + 15.
67
What is 15 + (20 - 45 - 87) + 31?
-66
-2 + 0 + -11 + -28975 + 28998
10
What is 46 - -52 - (52 - -25)?
21